0 + 0*z + 1/6*z**3. Let t be u(-6). Calculate the greatest common factor of 7 and t.
7
Let j be (-109 - -113)/(2/(-98)*-4). Calculate the highest common divisor of j and 196.
49
Let h be (2 - (-1858 - 1)) + 3 + 2. What is the greatest common divisor of h and 6?
6
Let u = -49 - -67. Suppose -a + u = 1. What is the greatest common factor of 68 and a?
17
Let c be 2*(35/(-7) - -581). Calculate the highest common factor of c and 9.
9
Let u be 1080/7 + 2/(-7). Let r = -9 + 79. Suppose 3*t = -2*t + r. What is the greatest common divisor of u and t?
14
Let z = 204 - 210. Let n(l) = -l**3 + 12*l**2 + 1 + 3*l**3 + 4 - l. Let c be n(z). What is the greatest common divisor of c and 11?
11
Suppose -p - h + 74 = 3*p, 84 = 5*p - 3*h. Let y(r) = -r**2 - 2. Let c be y(3). Let j = c + p. What is the highest common divisor of 77 and j?
7
Let j be 5 - (13 - 1)/(-4). Let r be 4/j*-3*(-17 - 1). Calculate the highest common factor of 18 and r.
9
Let m = -671 - -2034. Calculate the greatest common divisor of m and 58.
29
Let f(k) = 15*k + 334. Let v be f(-22). Calculate the greatest common factor of 88 and v.
4
Let u be (12/(-5))/((-3)/10). Let x be (1 - u/2) + 4. Let y be (-5)/5*x*-7. Calculate the highest common factor of y and 77.
7
Suppose -4*x = 2*u - 144, -4*u + 3*x + 156 + 99 = 0. Let i be 110/(-15)*(0 - -3)*-2. Calculate the highest common factor of u and i.
22
Let l be ((-4)/5)/((-10)/225). Let w be (0 - l/12)/(2/(-40)). Calculate the highest common factor of 6 and w.
6
Let a = -242 + 272. Let z(g) = 11*g**2 - 2*g. Let b be z(2). Calculate the greatest common factor of b and a.
10
Let i(p) = 22*p**2 - 74*p - 3. Let b be i(-7). What is the greatest common divisor of b and 54?
27
Suppose -1 = 4*r - 25. Suppose 3*n - 5*w = -27, 2*n = r*n + 3*w + 7. Let u be ((-64)/20)/(n/10). What is the greatest common divisor of 56 and u?
8
Let z = -21 - -19. Let o be 2*z*4/(-8). Calculate the greatest common factor of o and 6.
2
Let m be (0 - (-3 + 0))*10. Calculate the greatest common factor of 240 and m.
30
Suppose 3 = -3*c + 4*r - 4, c - r + 1 = 0. Suppose -5*x - 88 = -4*w, -c*w + 2*x + 0*x = -73. Calculate the greatest common factor of w and 297.
27
Let u be ((-174)/(-2))/((4 - 9)/(-10)). Calculate the greatest common divisor of u and 9.
3
Suppose 2*g - 334 = -2*p, 4*g - 5*g + 2*p + 161 = 0. Suppose -5*s + 17 = -63. Let m = -1 + s. Calculate the greatest common divisor of m and g.
15
Let b = -693 - -1811. Calculate the highest common divisor of 13 and b.
13
Suppose 6 = 4*l - 2*f - 10, 0 = -2*l - 2*f - 4. Suppose l*o - 3*o = -36. Suppose 5*m = o + 84. What is the greatest common factor of m and 8?
8
Suppose 0 = -2*t + 4, 0*m = -5*m + 3*t + 239. Calculate the greatest common factor of 14 and m.
7
Suppose -8*u + 1596 = 11*u. What is the highest common divisor of 28 and u?
28
Let c = -133 + 169. Calculate the greatest common factor of c and 84.
12
Let x be 2/(-8) + 212/16. Suppose 3*b - 339 = -3*z, -461 = -4*z - 2*b - 1. Calculate the highest common factor of z and x.
13
Let t be 3381/(-63)*6/(-7). Calculate the greatest common divisor of 4 and t.
2
Let i be 3/(3759/(-756) - (-10)/2). Calculate the highest common divisor of i and 135.
27
Suppose -2*s = u - 85, 4*s + 163 = 3*u - 62. Suppose 0 = -2*w + 3*j + 230 - u, 63 = w - 4*j. Let x = w - -85. Calculate the greatest common factor of x and 21.
21
Suppose -3*v - 2*o + 151 + 56 = 0, 4*v - o = 287. Let s = -63 + v. Calculate the highest common factor of s and 80.
8
Let b = -11073 - -11079. Let s = -35 - -137. Calculate the highest common factor of b and s.
6
Suppose -41 = -4*f + 59. Let a = -15097 - -15322. What is the highest common factor of a and f?
25
Let o(x) = 4*x**2 + 7*x - 35. Let g be o(3). What is the highest common factor of g and 11?
11
Suppose u = 2*r + 7, 0*r = -u + 4*r + 11. Suppose 0 = -s, -2*s + 4*s = -u*n + 192. What is the highest common factor of 8 and n?
8
Let k(a) be the second derivative of 17*a**4/12 - a**3/6 - a**2 - 5*a. Let i be k(-1). Let g = 3 + 29. What is the greatest common factor of i and g?
16
Suppose -3*q = 2*i + q - 48, 0 = -3*i + 2*q + 48. Let b = -2 + 2. Suppose b*a + 396 = 2*a. What is the greatest common factor of a and i?
18
Let k = 35 - 26. Suppose 144 = k*s - 7*s. What is the highest common divisor of 8 and s?
8
Let n(j) = -2*j + 5. Let i be n(1). Suppose -8*m = -i*m - 1320. Calculate the greatest common factor of m and 33.
33
Let b be (-388)/(-44) + (-2)/(-11). Let r be -2*1*1 + b. Let c be (-4)/(-22) - (-75)/11. Calculate the greatest common divisor of c and r.
7
Let v be 10*(12 + 570/(-50)). Calculate the greatest common factor of v and 23.
1
Let t = 1465 + -1410. Calculate the greatest common factor of 25 and t.
5
Let h be ((-66)/(-12) - 5)/((-3)/(-714)). Calculate the greatest common factor of h and 34.
17
Let b = -4 + 5. Let x be b/(-2)*(-198 - -2). Let g(s) = s**2 + 7*s + 14. Let w be g(-7). Calculate the highest common factor of w and x.
14
Let x(q) = 12*q + 130. Let f be x(0). What is the greatest common divisor of 52 and f?
26
Let u = -228 + 293. What is the highest common factor of u and 5?
5
Suppose 278 = -2*o + 312. Calculate the greatest common divisor of o and 17.
17
Let y = 376 - 167. Calculate the highest common factor of y and 38.
19
Let u(l) = 34*l + 12. Let z be u(6). Suppose -6*y = -z - 24. What is the greatest common factor of y and 100?
20
Suppose 29*j - 259 = 28*j. Calculate the highest common divisor of 74 and j.
37
Suppose 4*j - x + 120 = 6*j, -5*j + 300 = x. What is the greatest common factor of j and 168?
12
Let k = 8 + 5. Let i(l) = 7*l + 35. Let b be i(8). Calculate the highest common divisor of k and b.
13
Let p be (-3)/(((-1)/6)/((-144)/(-81))). Let s = p + 73. Calculate the highest common divisor of 21 and s.
21
Suppose 0 = -z + 4, 5*b - 359 = -2*z + 84. What is the greatest common divisor of b and 9?
3
Let p = 1156 - 1147. Calculate the highest common divisor of p and 711.
9
Let c(h) = 22*h + 37. Let k be c(6). Calculate the highest common divisor of k and 13.
13
Let i = 30 + 323. Suppose 133 = 3*k - i. What is the highest common divisor of k and 27?
27
Let b(s) = -2*s**3 - s**2 - 2*s - 2. Let l be b(-2). Suppose -7*j = -65 - 2476. Let a = j - 223. What is the highest common divisor of a and l?
14
Let m be 5*1 + -2*(-1)/2. Suppose m*j - 2*j = 484. What is the greatest common divisor of 11 and j?
11
Let n = -661 + 669. Suppose 8*z - 32 = 4*z. Calculate the highest common factor of n and z.
8
Let w = 81 - 55. Suppose w*s - 28*s + 12 = 0. What is the highest common divisor of s and 54?
6
Let x = -101 + 60. Let p = x - -59. What is the greatest common factor of p and 45?
9
Let r = 9 - 14. Let f(z) = -41*z - 7. Let t be f(r). Let p(j) = -j**2 + 27*j - 32. Let y be p(25). Calculate the greatest common factor of y and t.
18
Suppose -2*a + 45 - 17 = 0. Suppose -7*i + 164 = -32. What is the greatest common factor of a and i?
14
Let i = -15 - -24. What is the highest common divisor of i and 9?
9
Suppose j - 5*b = -10, -2*j + 4*j + 20 = -2*b. Let n be 20*(-4)/j*3. Calculate the greatest common factor of 3 and n.
3
Suppose o - 2*o + 10 = 0. Let d = -6 + o. Suppose 0 = -3*j + d*v + 36, j = 3*v + 3 + 14. What is the highest common divisor of j and 8?
8
Let s be -2*(-3 - -2) - -11. Let t = -138 + 341. Suppose p = -4*p - 20, 5*g = 2*p + t. Calculate the highest common divisor of g and s.
13
Let r(v) = 2*v - 2. Let y be r(7). Suppose -9 = 3*h - 117. Calculate the greatest common factor of h and y.
12
Let y be -5 - ((-2246)/38 + (-40)/(-380)). What is the highest common divisor of 66 and y?
6
Let b(h) = h**2 - 8*h - 6. Let w be b(9). Suppose w*x - 2336 = x. Let u be x/28 + 4/14. What is the greatest common factor of u and 63?
21
Let k = 1610 - 1542. What is the greatest common divisor of k and 782?
34
Let m = 18 - 14. Suppose -m*z + 14 = -2. Suppose -z*b + 0*o - 5*o = -63, -4*o - 4 = 0. Calculate the greatest common factor of 17 and b.
17
Let z(n) = 2*n**2 + 3. Let m be (-2)/8 - (-125)/20. Let g be z(m). What is the greatest common divisor of g and 45?
15
Let b(c) = -2*c + 27. Let j be b(6). Let u = 269 + -416. Let v = u - -267. What is the highest common factor of v and j?
15
Suppose 6*m - 1 = 7*m. Let t be -3 + -1 - -8 - m. Let v be (t - 6)*(-23 + 0). What is th